{"id":268,"date":"2025-03-26T22:36:09","date_gmt":"2025-03-26T21:36:09","guid":{"rendered":"https:\/\/www.kfz-radel.at\/?page_id=268"},"modified":"2026-04-08T19:32:40","modified_gmt":"2026-04-08T17:32:40","slug":"kfz-meisterbetrieb-radel","status":"publish","type":"page","link":"https:\/\/www.kfz-radel.at\/","title":{"rendered":"KFZ-Meisterbetrieb Radel GmbH &amp; Co KG"},"content":{"rendered":"\n<p><strong>Wir reparieren gerne Ihren VW, Audi, Seat, \u0160koda und Cupra.<\/strong><\/p>\n\n\n\n<p>Hauptstra\u00dfe 107-109<br>7033 P\u00f6ttsching<\/p>\n\n\n\n<p>Telefon: +43 2631 2256<br>Fax: +43 2631 2256-15<br>E-Mail: <a href=\"mailto:office@kfz-radel.at\">office@kfz-radel.at<\/a><\/p>\n\n\n\n<p><strong>\u00d6FFNUNGZEITEN<\/strong><br>Montag &#8211; Donnerstag: 7:30 bis 12:00 und 12:30 bis 18:00 Uhr<\/p>\n\n\n\n<p><strong>RECHTLICHES<\/strong><br><a href=\"https:\/\/www.wkoecg.at\/Web\/Ecg.aspx?FirmaID=10c4d045-9a80-4e86-8556-4485a7ed74d9\" target=\"_blank\" rel=\"noreferrer noopener\">Impressum<\/a><br><a href=\"https:\/\/www.kfz-radel.at\/wp-content\/uploads\/2019\/01\/dsgvo.pdf\" target=\"_blank\" rel=\"noreferrer noopener\">Datenschutz<\/a><\/p>\n\n\n\n<p><\/p>\n","protected":false},"excerpt":{"rendered":"<p>Wir reparieren gerne Ihren VW, Audi, Seat, \u0160koda und Cupra. Hauptstra\u00dfe 107-1097033 P\u00f6ttsching Telefon: +43 2631 2256Fax: +43 2631 2256-15E-Mail: office@kfz-radel.at \u00d6FFNUNGZEITENMontag &#8211; Donnerstag: 7:30 bis 12:00 und 12:30 bis 18:00 Uhr RECHTLICHESImpressumDatenschutz<\/p>\n","protected":false},"author":3,"featured_media":0,"parent":0,"menu_order":0,"comment_status":"closed","ping_status":"closed","template":"","meta":{"_kad_post_transparent":"","_kad_post_title":"","_kad_post_layout":"","_kad_post_sidebar_id":"","_kad_post_content_style":"","_kad_post_vertical_padding":"","_kad_post_feature":"","_kad_post_feature_position":"","_kad_post_header":false,"_kad_post_footer":false,"_kad_post_classname":"","footnotes":""},"class_list":["post-268","page","type-page","status-publish","hentry"],"_links":{"self":[{"href":"https:\/\/www.kfz-radel.at\/index.php?rest_route=\/wp\/v2\/pages\/268","targetHints":{"allow":["GET"]}}],"collection":[{"href":"https:\/\/www.kfz-radel.at\/index.php?rest_route=\/wp\/v2\/pages"}],"about":[{"href":"https:\/\/www.kfz-radel.at\/index.php?rest_route=\/wp\/v2\/types\/page"}],"author":[{"embeddable":true,"href":"https:\/\/www.kfz-radel.at\/index.php?rest_route=\/wp\/v2\/users\/3"}],"replies":[{"embeddable":true,"href":"https:\/\/www.kfz-radel.at\/index.php?rest_route=%2Fwp%2Fv2%2Fcomments&post=268"}],"version-history":[{"count":7,"href":"https:\/\/www.kfz-radel.at\/index.php?rest_route=\/wp\/v2\/pages\/268\/revisions"}],"predecessor-version":[{"id":297,"href":"https:\/\/www.kfz-radel.at\/index.php?rest_route=\/wp\/v2\/pages\/268\/revisions\/297"}],"wp:attachment":[{"href":"https:\/\/www.kfz-radel.at\/index.php?rest_route=%2Fwp%2Fv2%2Fmedia&parent=268"}],"curies":[{"name":"wp","href":"https:\/\/api.w.org\/{rel}","templated":true}]}}

<p><strong>Wir reparieren gerne Ihren VW, Audi, Seat, Škoda und Cupra.</strong></p>



<p>Hauptstraße 107-109<br>7033 Pöttsching</p>



<p>Telefon: +43 2631 2256<br>Fax: +43 2631 2256-15<br>E-Mail: <a href="mailto:office@kfz-radel.at">office@kfz-radel.at</a></p>



<p><strong>ÖFFNUNGZEITEN</strong><br>Montag &#8211; Donnerstag: 7:30 bis 12:00 und 12:30 bis 18:00 Uhr</p>



<p><strong>RECHTLICHES</strong><br><a href="https://www.wkoecg.at/Web/Ecg.aspx?FirmaID=10c4d045-9a80-4e86-8556-4485a7ed74d9" target="_blank" rel="noreferrer noopener">Impressum</a><br><a href="https://www.kfz-radel.at/wp-content/uploads/2019/01/dsgvo.pdf" target="_blank" rel="noreferrer noopener">Datenschutz</a></p>



<p></p>

<p>Wir reparieren gerne Ihren VW, Audi, Seat, Škoda und Cupra. Hauptstraße 107-1097033 Pöttsching Telefon: +43 2631 2256Fax: +43 2631 2256-15E-Mail: office@kfz-radel.at ÖFFNUNGZEITENMontag &#8211; Donnerstag: 7:30 bis 12:00 und 12:30 bis 18:00 Uhr RECHTLICHESImpressumDatenschutz</p>
